e 9?
-11678
Convert 10101100101111 (base 2) to base 5.
323210
-408 (base 12) to base 3
-210122
-21232113 (base 4) to base 15
-bc06
Convert -77b0 (base 15) to base 10.
-25365
-3202 (base 4) to base 3
-22101
What is -3068 (base 10) in base 2?
-101111111100
What is 65414 (base 10) in base 7?
361466
Convert -103310 (base 4) to base 3.
-1201222
Convert 259 (base 11) to base 15.
156
-96e (base 16) to base 7
-10016
Convert 204323 (base 5) to base 16.
1ab6
What is -8073 (base 9) in base 6?
-43150
-2269 (base 12) to base 10
-3825
Convert 15574 (base 8) to base 5.
211121
What is 1bb (base 14) in base 4?
11221
What is -10d3 (base 15) in base 3?
-11220100
What is -423034 (base 6) in base 16?
-863e
242 (base 15) to base 14
288
Convert 131021 (base 5) to base 4.
1100100
Convert 13506 (base 8) to base 3.
22011200
What is -20151 (base 8) in base 3?
-102101022
Convert ac6 (base 14) to base 12.
129a
What is 1127 (base 9) in base 5?
11320
Convert -56110 (base 7) to base 13.
-6571
What is 1321 (base 8) in base 11?
5a6
-4061 (base 16) to base 2
-100000001100001
What is -6513 (base 16) in base 10?
-25875
28660 (base 11) to base 4
21330102
Convert -273b (base 15) to base 8.
-20275
Convert -4345 (base 14) to base 6.
-125453
Convert 2111211 (base 4) to base 16.
2565
331 (base 7) to base 2
10101001
-16920 (base 12) to base 15
-9919
Convert -10360 (base 8) to base 14.
-181a
5a (base 16) to base 5
330
Convert -517 (base 9) to base 14.
-221
What is -a5b6 (base 13) in base 15?
-6c0e
Convert -427 (base 13) to base 5.
-10314
What is 600 (base 10) in base 7?
1515
1222 (base 12) to base 13
c11
2cde (base 15) to base 13
4520
-23417 (base 8) to base 5
-304444
Convert 2111 (base 11) to base 10.
2795
-30310200 (base 4) to base 12
-26480
Convert -bad (base 14) to base 6.
-14405
-140366 (base 7) to base 9
-40442
-80a9 (base 11) to base 13
-4b93
What is -232 (base 7) in base 16?
-79
Convert -23720 (base 10) to base 2.
-101110010101000
5551 (base 10) to base 6
41411
Convert -1011100111110 (base 2) to base 4.
-1130332
Convert 753 (base 16) to base 10.
1875
Convert -12346 (base 8) to base 14.
-1d42
Convert -51 (base 13) to base 6.
-150
What is -377 (base 9) in base 6?
-1241
What is 318a (base 15) in base 6?
120304
What is -1011101101111110 (base 2) in base 8?
-135576
Convert -4207 (base 8) to base 6.
-14035
What is -21a (base 14) in base 2?
-110100000
-24012 (base 5) to base 14
-8d7
Convert 1410 (base 13) to base 6.
21210
What is -763 (base 9) in base 3?
-212010
What is 10162 (base 7) in base 11?
1968
2369 (base 13) to base 9
6752
-134330 (base 8) to base 14
-13360
-541 (base 10) to base 2
-1000011101
Convert -3b0d (base 15) to base 3.
-122022011
2894 (base 11) to base 14
1509
1011111010 (base 2) to base 8
1372
-140 (base 6) to base 10
-60
-20fc (base 16) to base 11
-6387
What is 645 (base 8) in base 14?
221
-11366 (base 7) to base 3
-11000212
Convert -12128 (base 9) to base 8.
-17676
What is -6158 (base 13) in base 9?
-20365
What is -110000110 (base 2) in base 7?
-1065
Convert -62e5 (base 16) to base 11.
-18026
3112211 (base 4) to base 16
35a5
What is 21122 (base 4) in base 6?
2442
Convert 103331 (base 4) to base 2.
10011111101
Convert -17d (base 15) to base 11.
-292
7806 (base 9) to base 10
5757
Convert -131450 (base 7) to base 15.
-743e
Convert 677 (base 13) to base 11.
921
Convert 507 (base 12) to base 7.
2056
Convert 4121 (base 7) to base 5.
21221
-884 (base 9) to base 6
-3204
-110110100 (base 2) to base 14
-232
8114 (base 12) to base 3
201011221
Convert -18109 (base 11) to base 14.
-9399
10605 (base 7) to base 10
2700
What is -1110110011101 (base 2) in base 10?
-7581
Convert -135443 (base 8) to base 7.
-256446
9c3 (base 14) to base 12
1153
What is 5616 (base 7) in base 11?
1579
-1853 (base 10) to base 3
-2112122
What is -18a79 (base 11) in base 7?
-140336
What is -572 (base 8) in base 16?
-17a
-1475 (base 16) to base 5
-131422
Convert 437 (base 10) to base 16.
1b5
What is 22d1 (base 15) in base 4?
1303210
Convert -14 (base 10) to base 12.
-12
-3041 (base 7) to base 4
-100202
What is -a30 (base 12) in base 16?
-5c4
-12472 (base 10) to base 16
-30b8
What is 3421 (base 8) in base 10?
1809
-1320113 (base 5) to base 11
-18824
What is 1040441 (base 5) in base 9?
27023
-520 (base 9) to base 15
-1d3
Convert -23152 (base 8) to base 16.
-266a
Convert -1400 (base 6) to base 14.
-1ba
What is 642 (base 11) in base 6?
3324
Convert 11451 (base 6) to base 11.
12a4
Convert -35b0 (base 14) to base 5.
-244431
-1966 (base 14) to base 11
-3500
What is -620 (base 14) in base 6?
-5324
Convert 110100110001 (base 2) to base 6.
23345
203401 (base 6) to base 10
16345
-1780 (base 11) to base 16
-8da
What is 1674 (base 9) in base 3?
1202111
What is -42ec (base 15) in base 3?
-201102220
Convert 121 (base 15) to base 9.
314
-f9 (base 16) to base 15
-119
What is -1bb4 (base 16) in base 2?
-1101110110100
Convert 12420 (base 6) to base 14.
988
Convert -a7d7 (base 15) to base 2.
-1000101011000111
Convert 9db (base 14) to base 3.
2200111
What is -110111001 (base 2) in base 3?
-121100
What is -a35a (base 11) in base 10?
-13738
-343b (base 12) to base 4
-1122233
208a3 (base 11) to base 2
111011010011011
What is 362 (base 13) in base 11?
494
10133 (base 4) to base 12
1bb
What is -582 (base 9) in base 8?
-737
Convert -528 (base 14) to base 4.
-33320
Convert -4bc (base 16) to base 2.
-10010111100
Convert 1442002 (base 5) to base 8.
74235
Convert -10302 (base 4) to base 5.
-2211
440 (base 7) to base 13
143
-10132 (base 4) to base 6
-1154
Convert 25c (base 15) to base 4.
20121
-12627 (base 12) to base 10
-25087
10212 (base 5) to base 4
22222
Convert 100012012 (base 3) to base 4.
1220231
Convert 12a16 (base 16) to base 5.
4420220
23052 (base 6) to base 12
1a88
Convert -50363 (base 7) to base 10.
-12197
What is -1334 (base 6) in base 2?
-101011010
What is 224 (base 13) in base 15?
198
-3464 (base 14) to base 6
-110052
Convert -32b2 (base 14) to base 3.
-110001012
10000 (base 2) to base 7
22
1556 (base 10) to base 7
4352
What is -34004 (base 5) in base 13?
-1110
What is 15033 (base 14) in base 7?
305063
-411 (base 12) to base 2
-1001001101
What is 3a2 (base 13) in base 3?
212200
Convert 7047 (base 10) to base 16.
1b87
a07 (base 16) to base 13
1226
Convert -11020021 (base 3) to base 10.
-3085
What is 25808 (base 10) in base 12?
12b28
What is -356 (base 7) in base 5?
-1223
Convert -122040 (base 5) to base 7.
-16354
Convert 100200011 (base 3) to base 6.
52351
Convert 1881 (base 12) to base 9.
4067
What is 2102030 (base 4) in base 14?
35a4
674 (base 10) to base 5
10144
-1099 (base 14) to base 11
-2188
What is -1477 (base 8) in base 10?
-831
What is 101211 (base 3) in base 7?
565
-56864 (base 9) to base 16
-93fd
What is 496 (base 11) in base 13?
364
143441 (base 5) to base 16
17e9
What is -101421 (base 7) in base 14?
-6481
Convert -101011 (base 4) to base 9.
-1444
What is 111110011010 (base 2) in base 7?
14434
What is -1148 (base 13) in base 15?
-abb
-3785 (base 12) to base 16
-1895
Convert -23440 (base 5) to base 16.
-6d1
b245 (base 14) to base 11
21022
What is -217 (base 14) in base 4?
-12131
What is -1110100111 (base 2) in base 7?
-2504
-13c2 (base 15) to base 8
-10210
Convert 1140 (base 6) to base 14.
15a
What is 102022 (base 4) in base 8?
2212
627 (base 9) to base 12
367
What is 452 (base 13) in base 4?
23213
27177 (base 8) to base 5
340103
Convert 101211 (base 3) to base 9.
354
What is -107 (base 11) in base 9?
-152
-242420 (base 5) to base 6
-110102
Convert -1936 (base 12) to base 15.
-d96
-c09 (base 14) to base 13
-10c8
Convert 473 (base 16) to base 4.
101303
Convert -103033 (base 5) to base 10.
-3518
What is 1868 (base 14) in base 15?
1489
5d4a (base 16) to base 4
11311022
What is -1335 (base 8) in base 5?
-10413
Convert 32653 (base 7) to base 3.
102021111
What is -4111 (base 6) in base 8?
-1613
-101110100 (base 2) to base 12
-270
-441224 (base 5) to base 10
-15189
What is -54 (base 14) in base 15?
-4e
415 (base 8) to base 12
1a5
Convert -4864 (base 10) to base 12.
-2994
What is -12533 (base 6) in base 3?
-2122110
11652 (base 7) to base 9
4186
Convert -8b (base 14) to base 8.
-173
Convert 1fcd (base 16) to base 7.
32510
What is 312123 (base 4) in base 16?
d9b
Convert 1100001100110 (base 2) to base 13.
2ac6
What is 55